{"id":777,"date":"2022-04-28T12:30:31","date_gmt":"2022-04-28T17:30:31","guid":{"rendered":"https:\/\/consultingsiqi.com\/Shop\/?post_type=product&#038;p=777"},"modified":"2022-05-28T01:34:58","modified_gmt":"2022-05-28T06:34:58","slug":"kit-gamer-stylos-xzeal-starter-teclado-mouse-audifonos-mouse-pad-color-negro","status":"publish","type":"product","link":"https:\/\/consultingsiqi.com\/Shop\/product\/kit-gamer-stylos-xzeal-starter-teclado-mouse-audifonos-mouse-pad-color-negro\/","title":{"rendered":"Kit Gamer Stylos Xzeal Starter Teclado\/Mouse\/Aud\u00edfonos\/Mouse Pad Color Negro"},"content":{"rendered":"<table id=\"Caracteristicas_Generales\" class=\" table table-striped\" border=\"0\">\n<tbody>\n<tr>\n<td>Marca:<\/td>\n<td>Stylos<\/td>\n<\/tr>\n<tr>\n<td>Art\u00edculo:<\/td>\n<td>Kit Gamer<\/td>\n<\/tr>\n<tr>\n<td>Contenido:<\/td>\n<td>Teclado\/Mouse\/Aud\u00edfonos\/Mouse Pad<\/td>\n<\/tr>\n<tr>\n<td>Serie:<\/td>\n<td>Xzeal Starter<\/td>\n<\/tr>\n<tr>\n<td>Modelo:<\/td>\n<td>XST-200<\/td>\n<\/tr>\n<tr>\n<td>Color:<\/td>\n<td>Negro<\/td>\n<\/tr>\n<tr>\n<td>Conexi\u00f3n:<\/td>\n<td>Conectado a tu PC con su salida 3.5mm + USB (cable reforzado)<\/td>\n<\/tr>\n<tr>\n<td>Speaker:<\/td>\n<td>50mm de altavoz con calidad en cada sonido de juego(control de audio con scroll en ojera)<\/td>\n<\/tr>\n<tr>\n<td>Micr\u00f3fono:<\/td>\n<td>Mueve tu micr\u00f3fono sin problemas, aj\u00fastalo a tu altura<\/td>\n<\/tr>\n<tr>\n<td>Teclado:<\/td>\n<td>Membrana sensaci\u00f3n mec\u00e1nica, sistema anti-ghosting en teclas, oprime r\u00e1pido y sin retrasos, 87 teclas con LED<\/td>\n<\/tr>\n<tr>\n<td>Mouse:<\/td>\n<td>Elige de 200 hasta 4800 dpi con el software incluido, hasta 126Hz de polling rate, programa con facilidad cada bot\u00f3n<\/td>\n<\/tr>\n<tr>\n<td>Mouse pad:<\/td>\n<td>Microfibra para mayor comodidad, antiderrapante<\/td>\n<\/tr>\n<tr>\n<td>Dimensiones:<\/td>\n<td>36.5 cm x 20 cm x 15 cm<\/td>\n<\/tr>\n<tr>\n<td>Peso:<\/td>\n<td>1.7 kg<\/td>\n<\/tr>\n<\/tbody>\n<\/table>\n","protected":false},"excerpt":{"rendered":"<p class=\"font-gray-bold\">Kit Gamer Stylos Xzeal Starter Teclado\/Mouse\/Aud\u00edfonos\/Mouse Pad Color Negro<\/p>\n","protected":false},"featured_media":779,"comment_status":"open","ping_status":"closed","template":"","meta":{"_seopress_robots_primary_cat":"none"},"product_cat":[107,56,207,119],"product_tag":[],"yoast_head":"<!-- This site is optimized with the Yoast SEO plugin v21.6 - https:\/\/yoast.com\/wordpress\/plugins\/seo\/ -->\n<title>Oferta rel\u00e1mpago Kit Gamer Teclado\/Mouse\/Aud\u00edfonos\/Mouse Pad<\/title>\n<meta name=\"description\" content=\"Kit Gamer Stylos Xzeal Starter Teclado\/Mouse\/Aud\u00edfonos\/Mouse Pad, Experiencias en Tecnolog\u00eda, CsiqiShop te ofrece, experiencias en tecnolog\u00eda, para que puedas comprar lo que necesitas y llaguen directo hasta tu domicilio.\" \/>\n<meta name=\"robots\" content=\"index, follow, max-snippet:-1, max-image-preview:large, max-video-preview:-1\" \/>\n<link rel=\"canonical\" href=\"https:\/\/consultingsiqi.com\/Shop\/product\/kit-gamer-stylos-xzeal-starter-teclado-mouse-audifonos-mouse-pad-color-negro\/\" \/>\n<meta property=\"og:locale\" content=\"es_MX\" \/>\n<meta property=\"og:type\" content=\"article\" \/>\n<meta property=\"og:title\" content=\"Oferta rel\u00e1mpago Kit Gamer Teclado\/Mouse\/Aud\u00edfonos\/Mouse Pad\" \/>\n<meta property=\"og:description\" content=\"Kit Gamer Stylos Xzeal Starter Teclado\/Mouse\/Aud\u00edfonos\/Mouse Pad, Experiencias en Tecnolog\u00eda, CsiqiShop te ofrece, experiencias en tecnolog\u00eda, para que puedas comprar lo que necesitas y llaguen directo hasta tu domicilio.\" \/>\n<meta property=\"og:url\" content=\"https:\/\/consultingsiqi.com\/Shop\/product\/kit-gamer-stylos-xzeal-starter-teclado-mouse-audifonos-mouse-pad-color-negro\/\" \/>\n<meta property=\"og:site_name\" content=\"Csiqi Shop\" \/>\n<meta property=\"article:publisher\" content=\"https:\/\/www.facebook.com\/ConsultigSIQI\" \/>\n<meta property=\"article:modified_time\" content=\"2022-05-28T06:34:58+00:00\" \/>\n<meta property=\"og:image\" content=\"https:\/\/consultingsiqi.com\/Shop\/wp-content\/uploads\/2022\/04\/XSAKGA1B.jpg\" \/>\n\t<meta property=\"og:image:width\" content=\"433\" \/>\n\t<meta property=\"og:image:height\" content=\"433\" \/>\n\t<meta property=\"og:image:type\" content=\"image\/jpeg\" \/>\n<meta name=\"twitter:card\" content=\"summary_large_image\" \/>\n<meta name=\"twitter:site\" content=\"@consultingsiqi\" \/>\n<meta name=\"twitter:label1\" content=\"Tiempo de lectura\" \/>\n\t<meta name=\"twitter:data1\" content=\"1 minuto\" \/>\n<script type=\"application\/ld+json\" class=\"yoast-schema-graph\">{\"@context\":\"https:\/\/schema.org\",\"@graph\":[{\"@type\":\"WebPage\",\"@id\":\"https:\/\/consultingsiqi.com\/Shop\/product\/kit-gamer-stylos-xzeal-starter-teclado-mouse-audifonos-mouse-pad-color-negro\/\",\"url\":\"https:\/\/consultingsiqi.com\/Shop\/product\/kit-gamer-stylos-xzeal-starter-teclado-mouse-audifonos-mouse-pad-color-negro\/\",\"name\":\"Oferta rel\u00e1mpago Kit Gamer Teclado\/Mouse\/Aud\u00edfonos\/Mouse Pad\",\"isPartOf\":{\"@id\":\"https:\/\/consultingsiqi.com\/Shop\/#website\"},\"datePublished\":\"2022-04-28T17:30:31+00:00\",\"dateModified\":\"2022-05-28T06:34:58+00:00\",\"description\":\"Kit Gamer Stylos Xzeal Starter Teclado\/Mouse\/Aud\u00edfonos\/Mouse Pad, Experiencias en Tecnolog\u00eda, CsiqiShop te ofrece, experiencias en tecnolog\u00eda, para que puedas comprar lo que necesitas y llaguen directo hasta tu domicilio.\",\"breadcrumb\":{\"@id\":\"https:\/\/consultingsiqi.com\/Shop\/product\/kit-gamer-stylos-xzeal-starter-teclado-mouse-audifonos-mouse-pad-color-negro\/#breadcrumb\"},\"inLanguage\":\"es-MX\",\"potentialAction\":[{\"@type\":\"ReadAction\",\"target\":[\"https:\/\/consultingsiqi.com\/Shop\/product\/kit-gamer-stylos-xzeal-starter-teclado-mouse-audifonos-mouse-pad-color-negro\/\"]}]},{\"@type\":\"BreadcrumbList\",\"@id\":\"https:\/\/consultingsiqi.com\/Shop\/product\/kit-gamer-stylos-xzeal-starter-teclado-mouse-audifonos-mouse-pad-color-negro\/#breadcrumb\",\"itemListElement\":[{\"@type\":\"ListItem\",\"position\":1,\"name\":\"Home\",\"item\":\"https:\/\/consultingsiqi.com\/Shop\/\"},{\"@type\":\"ListItem\",\"position\":2,\"name\":\"Shop\",\"item\":\"https:\/\/consultingsiqi.com\/Shop\/shop\/\"},{\"@type\":\"ListItem\",\"position\":3,\"name\":\"Kit Gamer Stylos Xzeal Starter Teclado\/Mouse\/Aud\u00edfonos\/Mouse Pad Color Negro\"}]},{\"@type\":\"WebSite\",\"@id\":\"https:\/\/consultingsiqi.com\/Shop\/#website\",\"url\":\"https:\/\/consultingsiqi.com\/Shop\/\",\"name\":\"Csiqi Shop\",\"description\":\"Disfruta de la mejor tecnolog\u00eda al mejor precio.\",\"publisher\":{\"@id\":\"https:\/\/consultingsiqi.com\/Shop\/#organization\"},\"potentialAction\":[{\"@type\":\"SearchAction\",\"target\":{\"@type\":\"EntryPoint\",\"urlTemplate\":\"https:\/\/consultingsiqi.com\/Shop\/?s={search_term_string}\"},\"query-input\":\"required name=search_term_string\"}],\"inLanguage\":\"es-MX\"},{\"@type\":\"Organization\",\"@id\":\"https:\/\/consultingsiqi.com\/Shop\/#organization\",\"name\":\"consultingsiqi\/Shop\",\"url\":\"https:\/\/consultingsiqi.com\/Shop\/\",\"logo\":{\"@type\":\"ImageObject\",\"inLanguage\":\"es-MX\",\"@id\":\"https:\/\/consultingsiqi.com\/Shop\/#\/schema\/logo\/image\/\",\"url\":\"https:\/\/consultingsiqi.com\/Shop\/wp-content\/uploads\/2020\/04\/LogoCSIQI-SINFONDO.png\",\"contentUrl\":\"https:\/\/consultingsiqi.com\/Shop\/wp-content\/uploads\/2020\/04\/LogoCSIQI-SINFONDO.png\",\"width\":1533,\"height\":1532,\"caption\":\"consultingsiqi\/Shop\"},\"image\":{\"@id\":\"https:\/\/consultingsiqi.com\/Shop\/#\/schema\/logo\/image\/\"},\"sameAs\":[\"https:\/\/www.facebook.com\/ConsultigSIQI\",\"https:\/\/twitter.com\/consultingsiqi\",\"https:\/\/www.instagram.com\/consultingsiqi\/?hl=es-la\",\"https:\/\/www.youtube.com\/channel\/UCvJm6kDCyZb0GLinsQHT64g\"]}]}<\/script>\n<!-- \/ Yoast SEO plugin. -->","yoast_head_json":{"title":"Oferta rel\u00e1mpago Kit Gamer Teclado\/Mouse\/Aud\u00edfonos\/Mouse Pad","description":"Kit Gamer Stylos Xzeal Starter Teclado\/Mouse\/Aud\u00edfonos\/Mouse Pad, Experiencias en Tecnolog\u00eda, CsiqiShop te ofrece, experiencias en tecnolog\u00eda, para que puedas comprar lo que necesitas y llaguen directo hasta tu domicilio.","robots":{"index":"index","follow":"follow","max-snippet":"max-snippet:-1","max-image-preview":"max-image-preview:large","max-video-preview":"max-video-preview:-1"},"canonical":"https:\/\/consultingsiqi.com\/Shop\/product\/kit-gamer-stylos-xzeal-starter-teclado-mouse-audifonos-mouse-pad-color-negro\/","og_locale":"es_MX","og_type":"article","og_title":"Oferta rel\u00e1mpago Kit Gamer Teclado\/Mouse\/Aud\u00edfonos\/Mouse Pad","og_description":"Kit Gamer Stylos Xzeal Starter Teclado\/Mouse\/Aud\u00edfonos\/Mouse Pad, Experiencias en Tecnolog\u00eda, CsiqiShop te ofrece, experiencias en tecnolog\u00eda, para que puedas comprar lo que necesitas y llaguen directo hasta tu domicilio.","og_url":"https:\/\/consultingsiqi.com\/Shop\/product\/kit-gamer-stylos-xzeal-starter-teclado-mouse-audifonos-mouse-pad-color-negro\/","og_site_name":"Csiqi Shop","article_publisher":"https:\/\/www.facebook.com\/ConsultigSIQI","article_modified_time":"2022-05-28T06:34:58+00:00","og_image":[{"width":433,"height":433,"url":"https:\/\/consultingsiqi.com\/Shop\/wp-content\/uploads\/2022\/04\/XSAKGA1B.jpg","type":"image\/jpeg"}],"twitter_card":"summary_large_image","twitter_site":"@consultingsiqi","twitter_misc":{"Tiempo de lectura":"1 minuto"},"schema":{"@context":"https:\/\/schema.org","@graph":[{"@type":"WebPage","@id":"https:\/\/consultingsiqi.com\/Shop\/product\/kit-gamer-stylos-xzeal-starter-teclado-mouse-audifonos-mouse-pad-color-negro\/","url":"https:\/\/consultingsiqi.com\/Shop\/product\/kit-gamer-stylos-xzeal-starter-teclado-mouse-audifonos-mouse-pad-color-negro\/","name":"Oferta rel\u00e1mpago Kit Gamer Teclado\/Mouse\/Aud\u00edfonos\/Mouse Pad","isPartOf":{"@id":"https:\/\/consultingsiqi.com\/Shop\/#website"},"datePublished":"2022-04-28T17:30:31+00:00","dateModified":"2022-05-28T06:34:58+00:00","description":"Kit Gamer Stylos Xzeal Starter Teclado\/Mouse\/Aud\u00edfonos\/Mouse Pad, Experiencias en Tecnolog\u00eda, CsiqiShop te ofrece, experiencias en tecnolog\u00eda, para que puedas comprar lo que necesitas y llaguen directo hasta tu domicilio.","breadcrumb":{"@id":"https:\/\/consultingsiqi.com\/Shop\/product\/kit-gamer-stylos-xzeal-starter-teclado-mouse-audifonos-mouse-pad-color-negro\/#breadcrumb"},"inLanguage":"es-MX","potentialAction":[{"@type":"ReadAction","target":["https:\/\/consultingsiqi.com\/Shop\/product\/kit-gamer-stylos-xzeal-starter-teclado-mouse-audifonos-mouse-pad-color-negro\/"]}]},{"@type":"BreadcrumbList","@id":"https:\/\/consultingsiqi.com\/Shop\/product\/kit-gamer-stylos-xzeal-starter-teclado-mouse-audifonos-mouse-pad-color-negro\/#breadcrumb","itemListElement":[{"@type":"ListItem","position":1,"name":"Home","item":"https:\/\/consultingsiqi.com\/Shop\/"},{"@type":"ListItem","position":2,"name":"Shop","item":"https:\/\/consultingsiqi.com\/Shop\/shop\/"},{"@type":"ListItem","position":3,"name":"Kit Gamer Stylos Xzeal Starter Teclado\/Mouse\/Aud\u00edfonos\/Mouse Pad Color Negro"}]},{"@type":"WebSite","@id":"https:\/\/consultingsiqi.com\/Shop\/#website","url":"https:\/\/consultingsiqi.com\/Shop\/","name":"Csiqi Shop","description":"Disfruta de la mejor tecnolog\u00eda al mejor precio.","publisher":{"@id":"https:\/\/consultingsiqi.com\/Shop\/#organization"},"potentialAction":[{"@type":"SearchAction","target":{"@type":"EntryPoint","urlTemplate":"https:\/\/consultingsiqi.com\/Shop\/?s={search_term_string}"},"query-input":"required name=search_term_string"}],"inLanguage":"es-MX"},{"@type":"Organization","@id":"https:\/\/consultingsiqi.com\/Shop\/#organization","name":"consultingsiqi\/Shop","url":"https:\/\/consultingsiqi.com\/Shop\/","logo":{"@type":"ImageObject","inLanguage":"es-MX","@id":"https:\/\/consultingsiqi.com\/Shop\/#\/schema\/logo\/image\/","url":"https:\/\/consultingsiqi.com\/Shop\/wp-content\/uploads\/2020\/04\/LogoCSIQI-SINFONDO.png","contentUrl":"https:\/\/consultingsiqi.com\/Shop\/wp-content\/uploads\/2020\/04\/LogoCSIQI-SINFONDO.png","width":1533,"height":1532,"caption":"consultingsiqi\/Shop"},"image":{"@id":"https:\/\/consultingsiqi.com\/Shop\/#\/schema\/logo\/image\/"},"sameAs":["https:\/\/www.facebook.com\/ConsultigSIQI","https:\/\/twitter.com\/consultingsiqi","https:\/\/www.instagram.com\/consultingsiqi\/?hl=es-la","https:\/\/www.youtube.com\/channel\/UCvJm6kDCyZb0GLinsQHT64g"]}]}},"_links":{"self":[{"href":"https:\/\/consultingsiqi.com\/Shop\/wp-json\/wp\/v2\/product\/777"}],"collection":[{"href":"https:\/\/consultingsiqi.com\/Shop\/wp-json\/wp\/v2\/product"}],"about":[{"href":"https:\/\/consultingsiqi.com\/Shop\/wp-json\/wp\/v2\/types\/product"}],"replies":[{"embeddable":true,"href":"https:\/\/consultingsiqi.com\/Shop\/wp-json\/wp\/v2\/comments?post=777"}],"wp:featuredmedia":[{"embeddable":true,"href":"https:\/\/consultingsiqi.com\/Shop\/wp-json\/wp\/v2\/media\/779"}],"wp:attachment":[{"href":"https:\/\/consultingsiqi.com\/Shop\/wp-json\/wp\/v2\/media?parent=777"}],"wp:term":[{"taxonomy":"product_cat","embeddable":true,"href":"https:\/\/consultingsiqi.com\/Shop\/wp-json\/wp\/v2\/product_cat?post=777"},{"taxonomy":"product_tag","embeddable":true,"href":"https:\/\/consultingsiqi.com\/Shop\/wp-json\/wp\/v2\/product_tag?post=777"}],"curies":[{"name":"wp","href":"https:\/\/api.w.org\/{rel}","templated":true}]}}