{"id":499,"date":"2020-07-02T23:50:10","date_gmt":"2020-07-03T04:50:10","guid":{"rendered":"https:\/\/consultingsiqi.com\/Shop\/?post_type=product&#038;p=499"},"modified":"2022-04-27T22:10:28","modified_gmt":"2022-04-28T03:10:28","slug":"microsoft-365-family-licencia-de-suscripcion","status":"publish","type":"product","link":"https:\/\/consultingsiqi.com\/Shop\/product\/microsoft-365-family-licencia-de-suscripcion\/","title":{"rendered":"Office 365 Family (1 a\u00f1o suscripci\u00f3n)  6 personas"},"content":{"rendered":"<div id=\"tabsPanel\">\n<div id=\"tabsDetail\" class=\"notBorderRadius\">\n<div class=\"responsive-tabs-container accordion-xs\">\n<div class=\"tab-content\">\n<div id=\"tabs-1\" class=\"collapse tab-pane fade in active\" role=\"tabpanel\">\n<div class=\"clearfix\">\n<div class=\"group-section font-bold\">er\u00edsticas del producto<\/div>\n<div class=\"font-compact-12\">\n<ul>\n<li><strong>Sitio Web<\/strong><br \/>\nCree y mantenga un sitio Web profesional para su empresa.<\/li>\n<li><strong>Mensajer\u00eda instant\u00e1nea, presencia y conferencias<\/strong><br \/>\nCon\u00e9ctese de inmediato con sus compa\u00f1eros. Cree y dirija reuniones en l\u00ednea.<\/li>\n<li><strong>Uso compartido de archivos y administraci\u00f3n de proyectos<\/strong><br \/>\nComparta documentos y colabore con sus compa\u00f1eros en l\u00ednea.<\/li>\n<li><strong>Office Web Apps<\/strong><br \/>\nCree, almacene y edite documentos de Office en l\u00ednea.<\/li>\n<li><strong>Movilidad<\/strong><br \/>\nConsiga acceso pr\u00e1cticamente desde cualquier lugar en casi cualquier dispositivo para mantener su productividad mientras viaja.<\/li>\n<li><strong>Seguridad y confianza<\/strong><br \/>\nMicrosoft le ayuda a mantener sus datos seguros y privados.<\/li>\n<\/ul>\n<\/div>\n<\/div>\n<\/div>\n<\/div>\n<\/div>\n<\/div>\n<\/div>\n<div id=\"ccs-inline-content\" class=\"col-xs-12 row margin-top-30\">\n<div id=\"inline-94d8df\" class=\"ccs-cc-inline ccs-cc-inline-ms ccs-cc-lang-esmex ccs-cc-block-inline\">\n<div class=\"ccs-clear\"><\/div>\n<div id=\"top-94d8df\" data-ccs-cc-inline-jumplink=\"Parte superior\" data-ccs-jumplink-hidden=\"true\"><\/div>\n<div class=\"ccs-cc-inline-section ccs-cc-inline-intro\">Informaci\u00f3n sobre el producto facilitada por el fabricante<\/div>\n<div class=\"ccs-cc-inline-section ccs-cc-inline-features\" data-elementid=\"inline-content-features[ms]\" data-context=\"{&quot;mobile&quot;:false}\" data-ccs-cc-inline-jumplink=\"Funciones\" data-display-mode=\"noheader\">\n<div class=\"ccs-cc-inline-features-block ccs-cc-inline-overlay ccs-cc-aspect-ratio\" data-background=\"image\">\n<div class=\"ccs-cc-inline-feature-background\"><\/div>\n<div class=\"ccs-cc-inline-overlay-outer\">\n<div class=\"ccs-cc-inline-overlay-inner ccs-cc-inline-feature\" data-type=\"text\" data-pos=\"left\" data-desktop-media=\"false\">\n<div class=\"ccs-cc-inline-feature-content ccs-cc-inline-feature-description\">\n<h3>Microsoft 365 Familia<\/h3>\n<p>Aplicaciones Premium de productividad, almacenamiento extra en la nube, seguridad avanzada y m\u00e1s. Todo en una \u00fanica y conveniente suscripci\u00f3n .<\/p>\n<\/div>\n<\/div>\n<\/div>\n<\/div>\n<div class=\"ccs-cc-inline-features-block ccs-cc-inline-single-feature\">\n<div class=\"ccs-cc-inline-feature\" data-type=\"media\">\n<div class=\"ccs-cc-inline-feature-content ccs-cc-inline-thumbnail\"><img decoding=\"async\" src=\"https:\/\/cdn.cnetcontent.com\/syndication\/mediaserverredirect\/30903f82f644884fbf9df575ecb43818\/original.png\" alt=\"Imagen del producto\" data-large=\"https:\/\/cdn.cnetcontent.com\/syndication\/mediaserverredirect\/30903f82f644884fbf9df575ecb43818\/original.png\" \/><\/div>\n<div>\n<ul>\n<li><a href=\"https:\/\/store.intcomex.com\/es-XMX\/Product\/Detail\/190012#tabs-1\" aria-controls=\"tabs-1\" data-toggle=\"tab\"> General <\/a><\/li>\n<li><a href=\"https:\/\/store.intcomex.com\/es-XMX\/Product\/Detail\/190012#tabs-2\" aria-controls=\"tabs-2\" data-toggle=\"tab\"> Especificaciones <\/a><\/li>\n<li><a href=\"https:\/\/store.intcomex.com\/es-XMX\/Product\/Detail\/190012#tabs-6\" aria-controls=\"tabs-6\" data-toggle=\"tab\" data-customer=\"= Web.Session.User.CustomerId\" data-sku=\"SE001MSE07\" data-productname=\"Microsoft 365 Family - Licencia de suscripci\u00f3n (1 a\u00f1o) - hasta 6 personas \"> Comentarios <\/a><\/li>\n<\/ul>\n<p>Descripci\u00f3n del producto<\/p>\n<p>Con Microsoft 365 puede llevar a cabo su trabajo de forma segura y comunicarse en tiempo real pr\u00e1cticamente desde cualquier lugar. Al combinar Office con Microsoft 365 se libera todo el potencial de Microsoft 365 como la mejor soluci\u00f3n de productividad, colaboraci\u00f3n, comunicaci\u00f3n y TI sin preocupaciones.<\/p>\n<p>Caracter\u00edsticas del producto<\/p>\n<ul>\n<li><strong>Sitio Web<\/strong><br \/>\nCree y mantenga un sitio Web profesional para su empresa.<\/li>\n<li><strong>Mensajer\u00eda instant\u00e1nea, presencia y conferencias<\/strong><br \/>\nCon\u00e9ctese de inmediato con sus compa\u00f1eros. Cree y dirija reuniones en l\u00ednea.<\/li>\n<li><strong>Uso compartido de archivos y administraci\u00f3n de proyectos<\/strong><br \/>\nComparta documentos y colabore con sus compa\u00f1eros en l\u00ednea.<\/li>\n<li><strong>Office Web Apps<\/strong><br \/>\nCree, almacene y edite documentos de Office en l\u00ednea.<\/li>\n<li><strong>Movilidad<\/strong><br \/>\nConsiga acceso pr\u00e1cticamente desde cualquier lugar en casi cualquier dispositivo para mantener su productividad mientras viaja.<\/li>\n<li><strong>Seguridad y confianza<\/strong><br \/>\nMicrosoft le ayuda a mantener sus datos seguros y privados.<\/li>\n<\/ul>\n<p>Informaci\u00f3n sobre el producto facilitada por el fabricante<\/p>\n<h3>Microsoft 365 Familia<\/h3>\n<p>Aplicaciones Premium de productividad, almacenamiento extra en la nube, seguridad avanzada y m\u00e1s. Todo en una \u00fanica y conveniente suscripci\u00f3n .<\/p>\n<h2 data-ccs-jumplink-container=\"true\">Medios<\/h2>\n<h3>Un lugar seguro para tus fotos y archivos<\/h3>\n<p>Con tu suscripci\u00f3n de Microsoft 365, obtienes 1 TB de almacenamiento en la nube de OneDrive. Eso es igual a 300,000 fotos, adem\u00e1s de todos tus documentos,<sup>1<\/sup> que puedes acceder, editar y compartir en todos tus dispositivos\u2014mientras sabes que tus archivos siempre tienen una copia de seguridad y est\u00e1n protegidos. \u00a0.<\/p>\n<p data-cnet-ccs-icb-restrictions=\"style\" data-cnet-ccs-icb-annotation=\"true\">Qu\u00e9 hay de nuevo con Microsoft 365<\/p>\n<h3>Tu editor personal, con manejo de m\u00e1s de 80 idiomas<\/h3>\n<p>Convi\u00e9rtete en un major escritor de la web en m\u00e1s de 80 idiomas gracias al Editor de Microsoft, tu asistente inteligente de escritura. Editor es el mismo recurso de Inteligencia Artificial disponible en\u00a0\u00a0 Microsoft Word que te ayuda a crear documentos f\u00e1ciles de leer.<\/p>\n<h3>Tu dinero organizado en un solo lugar<\/h3>\n<p>Con una suscripci\u00f3n de Microsoft 365, puedes conectar f\u00e1cilmente tus cuentas financieras usando Money en Excel<sup>2<\/sup> para ver y organizar tus finanzas en un solo lugar.<\/p>\n<h3>Pon en marcha tu creatividad<\/h3>\n<p>Logra m\u00e1s y mejora tu creatividad con acceso a un cat\u00e1logo creciente de plantillas Premium para Word, Excel y PowerPoint. Elige entre una rica variedad de alto impacto de fotos, \u00edconos, fuentes, modelos 3D y m\u00e1s para ayudar a darle vida a tu trabajo.<\/p>\n<h3>Conecta. Organiza. Haz m\u00e1s cosas.<\/h3>\n<p>Ahorra tiempo y conc\u00e9ntrate en lo que importa con Outlook: tu organizador personal. El dise\u00f1o simple e inteligente te ayuda a mantenerte conectado, leer tus correos electr\u00f3nicos m\u00e1s r\u00e1pido e ir de vuelta a tu vida fuera de tu bandeja de entrada.<\/p>\n<\/div>\n<\/div>\n<\/div>\n<\/div>\n<\/div>\n<\/div>\n","protected":false},"excerpt":{"rendered":"<p>&nbsp;<\/p>\n<ul>\n<li>Licencia ESD<\/li>\n<li>32\/64-bit<\/li>\n<li>Win, Mac, Android, iOS<\/li>\n<li>All Languages<\/li>\n<li>6 dispositivos<\/li>\n<\/ul>\n<p>&nbsp;<\/p>\n","protected":false},"featured_media":500,"comment_status":"open","ping_status":"closed","template":"","meta":{"_seopress_robots_primary_cat":"none"},"product_cat":[56,100,102,55,101],"product_tag":[183],"yoast_head":"<!-- This site is optimized with the Yoast SEO plugin v21.6 - https:\/\/yoast.com\/wordpress\/plugins\/seo\/ -->\n<title>Disfruta de la mejor tecnolog\u00eda al mejor precio.<\/title>\n<meta name=\"description\" content=\"Con Microsoft 365 puede llevar a cabo su trabajo de forma segura y comunicarse en tiempo real pr\u00e1cticamente desde cualquier lugar. Al combinar Office con Microsoft 365 se libera todo el potencial de Microsoft 365 como la mejor soluci\u00f3n de productividad, colaboraci\u00f3n, comunicaci\u00f3n y TI sin preocupaciones.\" \/>\n<meta name=\"robots\" content=\"index, follow, max-snippet:-1, max-image-preview:large, max-video-preview:-1\" \/>\n<link rel=\"canonical\" href=\"https:\/\/consultingsiqi.com\/Shop\/product\/microsoft-365-family-licencia-de-suscripcion\/\" \/>\n<meta property=\"og:locale\" content=\"es_MX\" \/>\n<meta property=\"og:type\" content=\"article\" \/>\n<meta property=\"og:title\" content=\"Disfruta de la mejor tecnolog\u00eda al mejor precio.\" \/>\n<meta property=\"og:description\" content=\"Con Microsoft 365 puede llevar a cabo su trabajo de forma segura y comunicarse en tiempo real pr\u00e1cticamente desde cualquier lugar. Al combinar Office con Microsoft 365 se libera todo el potencial de Microsoft 365 como la mejor soluci\u00f3n de productividad, colaboraci\u00f3n, comunicaci\u00f3n y TI sin preocupaciones.\" \/>\n<meta property=\"og:url\" content=\"https:\/\/consultingsiqi.com\/Shop\/product\/microsoft-365-family-licencia-de-suscripcion\/\" \/>\n<meta property=\"og:site_name\" content=\"Csiqi Shop\" \/>\n<meta property=\"article:publisher\" content=\"https:\/\/www.facebook.com\/ConsultigSIQI\" \/>\n<meta property=\"article:modified_time\" content=\"2022-04-28T03:10:28+00:00\" \/>\n<meta property=\"og:image\" content=\"https:\/\/consultingsiqi.com\/Shop\/wp-content\/uploads\/2020\/07\/SE001MSE07.png\" \/>\n\t<meta property=\"og:image:width\" content=\"617\" \/>\n\t<meta property=\"og:image:height\" content=\"628\" \/>\n\t<meta property=\"og:image:type\" content=\"image\/png\" \/>\n<meta name=\"twitter:card\" content=\"summary_large_image\" \/>\n<meta name=\"twitter:site\" content=\"@consultingsiqi\" \/>\n<meta name=\"twitter:label1\" content=\"Tiempo de lectura\" \/>\n\t<meta name=\"twitter:data1\" content=\"3 minutos\" \/>\n<script type=\"application\/ld+json\" class=\"yoast-schema-graph\">{\"@context\":\"https:\/\/schema.org\",\"@graph\":[{\"@type\":\"WebPage\",\"@id\":\"https:\/\/consultingsiqi.com\/Shop\/product\/microsoft-365-family-licencia-de-suscripcion\/\",\"url\":\"https:\/\/consultingsiqi.com\/Shop\/product\/microsoft-365-family-licencia-de-suscripcion\/\",\"name\":\"Disfruta de la mejor tecnolog\u00eda al mejor precio.\",\"isPartOf\":{\"@id\":\"https:\/\/consultingsiqi.com\/Shop\/#website\"},\"datePublished\":\"2020-07-03T04:50:10+00:00\",\"dateModified\":\"2022-04-28T03:10:28+00:00\",\"description\":\"Con Microsoft 365 puede llevar a cabo su trabajo de forma segura y comunicarse en tiempo real pr\u00e1cticamente desde cualquier lugar. Al combinar Office con Microsoft 365 se libera todo el potencial de Microsoft 365 como la mejor soluci\u00f3n de productividad, colaboraci\u00f3n, comunicaci\u00f3n y TI sin preocupaciones.\",\"breadcrumb\":{\"@id\":\"https:\/\/consultingsiqi.com\/Shop\/product\/microsoft-365-family-licencia-de-suscripcion\/#breadcrumb\"},\"inLanguage\":\"es-MX\",\"potentialAction\":[{\"@type\":\"ReadAction\",\"target\":[\"https:\/\/consultingsiqi.com\/Shop\/product\/microsoft-365-family-licencia-de-suscripcion\/\"]}]},{\"@type\":\"BreadcrumbList\",\"@id\":\"https:\/\/consultingsiqi.com\/Shop\/product\/microsoft-365-family-licencia-de-suscripcion\/#breadcrumb\",\"itemListElement\":[{\"@type\":\"ListItem\",\"position\":1,\"name\":\"Home\",\"item\":\"https:\/\/consultingsiqi.com\/Shop\/\"},{\"@type\":\"ListItem\",\"position\":2,\"name\":\"Shop\",\"item\":\"https:\/\/consultingsiqi.com\/Shop\/shop\/\"},{\"@type\":\"ListItem\",\"position\":3,\"name\":\"Office 365 Family (1 a\u00f1o suscripci\u00f3n) 6 personas\"}]},{\"@type\":\"WebSite\",\"@id\":\"https:\/\/consultingsiqi.com\/Shop\/#website\",\"url\":\"https:\/\/consultingsiqi.com\/Shop\/\",\"name\":\"Csiqi Shop\",\"description\":\"Disfruta de la mejor tecnolog\u00eda al mejor precio.\",\"publisher\":{\"@id\":\"https:\/\/consultingsiqi.com\/Shop\/#organization\"},\"potentialAction\":[{\"@type\":\"SearchAction\",\"target\":{\"@type\":\"EntryPoint\",\"urlTemplate\":\"https:\/\/consultingsiqi.com\/Shop\/?s={search_term_string}\"},\"query-input\":\"required name=search_term_string\"}],\"inLanguage\":\"es-MX\"},{\"@type\":\"Organization\",\"@id\":\"https:\/\/consultingsiqi.com\/Shop\/#organization\",\"name\":\"consultingsiqi\/Shop\",\"url\":\"https:\/\/consultingsiqi.com\/Shop\/\",\"logo\":{\"@type\":\"ImageObject\",\"inLanguage\":\"es-MX\",\"@id\":\"https:\/\/consultingsiqi.com\/Shop\/#\/schema\/logo\/image\/\",\"url\":\"https:\/\/consultingsiqi.com\/Shop\/wp-content\/uploads\/2020\/04\/LogoCSIQI-SINFONDO.png\",\"contentUrl\":\"https:\/\/consultingsiqi.com\/Shop\/wp-content\/uploads\/2020\/04\/LogoCSIQI-SINFONDO.png\",\"width\":1533,\"height\":1532,\"caption\":\"consultingsiqi\/Shop\"},\"image\":{\"@id\":\"https:\/\/consultingsiqi.com\/Shop\/#\/schema\/logo\/image\/\"},\"sameAs\":[\"https:\/\/www.facebook.com\/ConsultigSIQI\",\"https:\/\/twitter.com\/consultingsiqi\",\"https:\/\/www.instagram.com\/consultingsiqi\/?hl=es-la\",\"https:\/\/www.youtube.com\/channel\/UCvJm6kDCyZb0GLinsQHT64g\"]}]}<\/script>\n<!-- \/ Yoast SEO plugin. -->","yoast_head_json":{"title":"Disfruta de la mejor tecnolog\u00eda al mejor precio.","description":"Con Microsoft 365 puede llevar a cabo su trabajo de forma segura y comunicarse en tiempo real pr\u00e1cticamente desde cualquier lugar. Al combinar Office con Microsoft 365 se libera todo el potencial de Microsoft 365 como la mejor soluci\u00f3n de productividad, colaboraci\u00f3n, comunicaci\u00f3n y TI sin preocupaciones.","robots":{"index":"index","follow":"follow","max-snippet":"max-snippet:-1","max-image-preview":"max-image-preview:large","max-video-preview":"max-video-preview:-1"},"canonical":"https:\/\/consultingsiqi.com\/Shop\/product\/microsoft-365-family-licencia-de-suscripcion\/","og_locale":"es_MX","og_type":"article","og_title":"Disfruta de la mejor tecnolog\u00eda al mejor precio.","og_description":"Con Microsoft 365 puede llevar a cabo su trabajo de forma segura y comunicarse en tiempo real pr\u00e1cticamente desde cualquier lugar. Al combinar Office con Microsoft 365 se libera todo el potencial de Microsoft 365 como la mejor soluci\u00f3n de productividad, colaboraci\u00f3n, comunicaci\u00f3n y TI sin preocupaciones.","og_url":"https:\/\/consultingsiqi.com\/Shop\/product\/microsoft-365-family-licencia-de-suscripcion\/","og_site_name":"Csiqi Shop","article_publisher":"https:\/\/www.facebook.com\/ConsultigSIQI","article_modified_time":"2022-04-28T03:10:28+00:00","og_image":[{"width":617,"height":628,"url":"https:\/\/consultingsiqi.com\/Shop\/wp-content\/uploads\/2020\/07\/SE001MSE07.png","type":"image\/png"}],"twitter_card":"summary_large_image","twitter_site":"@consultingsiqi","twitter_misc":{"Tiempo de lectura":"3 minutos"},"schema":{"@context":"https:\/\/schema.org","@graph":[{"@type":"WebPage","@id":"https:\/\/consultingsiqi.com\/Shop\/product\/microsoft-365-family-licencia-de-suscripcion\/","url":"https:\/\/consultingsiqi.com\/Shop\/product\/microsoft-365-family-licencia-de-suscripcion\/","name":"Disfruta de la mejor tecnolog\u00eda al mejor precio.","isPartOf":{"@id":"https:\/\/consultingsiqi.com\/Shop\/#website"},"datePublished":"2020-07-03T04:50:10+00:00","dateModified":"2022-04-28T03:10:28+00:00","description":"Con Microsoft 365 puede llevar a cabo su trabajo de forma segura y comunicarse en tiempo real pr\u00e1cticamente desde cualquier lugar. Al combinar Office con Microsoft 365 se libera todo el potencial de Microsoft 365 como la mejor soluci\u00f3n de productividad, colaboraci\u00f3n, comunicaci\u00f3n y TI sin preocupaciones.","breadcrumb":{"@id":"https:\/\/consultingsiqi.com\/Shop\/product\/microsoft-365-family-licencia-de-suscripcion\/#breadcrumb"},"inLanguage":"es-MX","potentialAction":[{"@type":"ReadAction","target":["https:\/\/consultingsiqi.com\/Shop\/product\/microsoft-365-family-licencia-de-suscripcion\/"]}]},{"@type":"BreadcrumbList","@id":"https:\/\/consultingsiqi.com\/Shop\/product\/microsoft-365-family-licencia-de-suscripcion\/#breadcrumb","itemListElement":[{"@type":"ListItem","position":1,"name":"Home","item":"https:\/\/consultingsiqi.com\/Shop\/"},{"@type":"ListItem","position":2,"name":"Shop","item":"https:\/\/consultingsiqi.com\/Shop\/shop\/"},{"@type":"ListItem","position":3,"name":"Office 365 Family (1 a\u00f1o suscripci\u00f3n) 6 personas"}]},{"@type":"WebSite","@id":"https:\/\/consultingsiqi.com\/Shop\/#website","url":"https:\/\/consultingsiqi.com\/Shop\/","name":"Csiqi Shop","description":"Disfruta de la mejor tecnolog\u00eda al mejor precio.","publisher":{"@id":"https:\/\/consultingsiqi.com\/Shop\/#organization"},"potentialAction":[{"@type":"SearchAction","target":{"@type":"EntryPoint","urlTemplate":"https:\/\/consultingsiqi.com\/Shop\/?s={search_term_string}"},"query-input":"required name=search_term_string"}],"inLanguage":"es-MX"},{"@type":"Organization","@id":"https:\/\/consultingsiqi.com\/Shop\/#organization","name":"consultingsiqi\/Shop","url":"https:\/\/consultingsiqi.com\/Shop\/","logo":{"@type":"ImageObject","inLanguage":"es-MX","@id":"https:\/\/consultingsiqi.com\/Shop\/#\/schema\/logo\/image\/","url":"https:\/\/consultingsiqi.com\/Shop\/wp-content\/uploads\/2020\/04\/LogoCSIQI-SINFONDO.png","contentUrl":"https:\/\/consultingsiqi.com\/Shop\/wp-content\/uploads\/2020\/04\/LogoCSIQI-SINFONDO.png","width":1533,"height":1532,"caption":"consultingsiqi\/Shop"},"image":{"@id":"https:\/\/consultingsiqi.com\/Shop\/#\/schema\/logo\/image\/"},"sameAs":["https:\/\/www.facebook.com\/ConsultigSIQI","https:\/\/twitter.com\/consultingsiqi","https:\/\/www.instagram.com\/consultingsiqi\/?hl=es-la","https:\/\/www.youtube.com\/channel\/UCvJm6kDCyZb0GLinsQHT64g"]}]}},"_links":{"self":[{"href":"https:\/\/consultingsiqi.com\/Shop\/wp-json\/wp\/v2\/product\/499"}],"collection":[{"href":"https:\/\/consultingsiqi.com\/Shop\/wp-json\/wp\/v2\/product"}],"about":[{"href":"https:\/\/consultingsiqi.com\/Shop\/wp-json\/wp\/v2\/types\/product"}],"replies":[{"embeddable":true,"href":"https:\/\/consultingsiqi.com\/Shop\/wp-json\/wp\/v2\/comments?post=499"}],"wp:featuredmedia":[{"embeddable":true,"href":"https:\/\/consultingsiqi.com\/Shop\/wp-json\/wp\/v2\/media\/500"}],"wp:attachment":[{"href":"https:\/\/consultingsiqi.com\/Shop\/wp-json\/wp\/v2\/media?parent=499"}],"wp:term":[{"taxonomy":"product_cat","embeddable":true,"href":"https:\/\/consultingsiqi.com\/Shop\/wp-json\/wp\/v2\/product_cat?post=499"},{"taxonomy":"product_tag","embeddable":true,"href":"https:\/\/consultingsiqi.com\/Shop\/wp-json\/wp\/v2\/product_tag?post=499"}],"curies":[{"name":"wp","href":"https:\/\/api.w.org\/{rel}","templated":true}]}}